 divided by c.
32
Let c(n) = -2*n + 24. Let k be c(12). Suppose k = 5*a - 4*y - 52, -a + y + 5 = -6. Calculate the remainder when 30 is divided by a.
6
Calculate the remainder when (1*(-2 - -53))/1 is divided by 5/((-10)/(-24)) + (-19 - -20).
12
Suppose -5*f - 116 = 2*n, -f - 3*n = n + 16. Let x = 44 + f. Let k = -7 + x. Calculate the remainder when 22 is divided by k.
9
Suppose -3*u = -5*z - 237, u - 93 = -0*z - 3*z. Suppose 2*f - 4*x + 70 = 84, 4*f = 4*x + 48. What is the remainder when u is divided by f?
16
Let b(x) = 2*x + 71. Calculate the remainder when b(17) is divided by 55.
50
Suppose -3*w + 5*w - 10 = -4*d, 4*d + 3*w = 11. Suppose i - d*i + 12 = 0. What is the remainder when 34 is divided by i?
10
Suppose -4*r + 3*r + 3*h = 6, 10 = 4*r + 5*h. Let k(w) = w - 40. Let v be k(r). Let c = v - -59. What is the remainder when c is divided by 10?
9
Let s(t) = t**3 + 66*t**2 + 59*t - 267. What is the remainder when s(-65) is divided by 37?
12
Suppose b = -2*n - 2, 2*n - 31 = -4*b + 7*n. Suppose -4*j = 5*a - 29, -2*j = 2 - b. Suppose -a*o - 22 + 92 = 0. Calculate the remainder when 25 is divided by o.
11
Let u = 8 - 5. Suppose -101 = -5*t - u*r, 0 = -4*t + 2*r + r + 97. Calculate the remainder when 1/((-2)/(-170)) + (-2 - -2) is divided by t.
19
Let n(y) = y**3 + 8*y**2 + 9*y + 2. Suppose 4 = 70*j - 69*j. Suppose -4*t + 238 = -5*b, j*b = 4 - 12. What is the remainder when t is divided by n(-6)?
17
Suppose -4*h - 12 = -8*h. Let v(o) = o**3 + 3. Let k be v(3). Suppose -4*x + k - 10 = 0. Calculate the remainder when x is divided by h.
2
What is the remainder when 26 is divided by (-1)/(-4) + (8 - (-315)/(-60))?
2
Suppose 2*w + 4*d = 13 + 17, w - 18 = -3*d. Calculate the remainder when (122/(-6))/(4/(-12)) is divided by w.
7
Suppose -j - 4*v + 12 = 0, -20 = -3*j + 4*v - 0*v. Let k = -19 + 25. What is the remainder when j is divided by k/(-9) + 56/12?
0
Suppose 3*w + 15 = 0, -2*o + o - 2*w = 7. Suppose -3 = o*n, n + 284 = 3*a - 74. What is the remainder when a is divided by 20?
19
Suppose 0 = -0*d - 2*d. Suppose -l = -4*s + 220, -s + d*l = l - 55. Calculate the remainder when s is divided by 19.
17
Suppose -a + 1 = -i + 11, 0 = a + 5. Calculate the remainder when 86 is divided by i.
1
Calculate the remainder when 940 is divided by (-15047)/(-369) + (-4)/(-18).
38
What is the remainder when ((-86)/(-1))/(2/(-12)*-6) is divided by 10?
6
Let q be (-2952)/(-45) + 2/5. Let r be (-24)/((-45)/(-12) - 3). Let n = r + q. What is the remainder when n is divided by 6?
4
Suppose 0 = -3*a + 7 + 38. Suppose 4*u = -5*b + 253, 7*b = 4*b + 2*u + 165. What is the remainder when b is divided by a?
8
Let q = -27 + 29. Suppose -10 = -q*a, m + 2*a = 3*a + 17. Calculate the remainder when m is divided by 13.
9
Suppose 3*d + 3*a = 9, 4*a + 4 = 5*d - 2. Calculate the remainder when (19 - 60)/(d/(-2)) is divided by 87/4 - 2/(-8).
19
Suppose 5*c = -1141 - 209. Let b = -187 - c. Calculate the remainder when b is divided by 42.
41
Let q(z) = -20*z - 12. Calculate the remainder when q(-8) is divided by 25.
23
Suppose -a = 20 - 112. What is the remainder when 135 is divided by (a/6)/((-10)/(-30))?
43
Let t = -6 + 6. What is the remainder when t + 17 + (13 - 10) is divided by 11?
9
Suppose -4*x + 18*v = 22*v - 272, 4*x - 4*v - 248 = 0. What is the remainder when 907 is divided by x?
62
Suppose -48 = -4*l + 4*v, -5*l + 11 + 73 = 3*v. What is the remainder when 44 - -4 - 2 - 2 is divided by l?
14
Let d be 39/6 + (-4)/8. Suppose 4*o + 0*f - f - 8 = 0, d = 3*o + 4*f. Let a = -10 + 11. Calculate the remainder when o is divided by a.
0
Let k = 19 - 16. Suppose -k*a = -0 - 9. Suppose -3*z + i = -49, 0*z = 3*z - a*i - 57. What is the remainder when 27 is divided by z?
12
Let o(h) = 17*h**2 - 26*h + 53. What is the remainder when o(4) is divided by 74?
73
Let f be (-104)/130*230/(-4). Let u = -17 + f. Calculate the remainder when 115 is divided by u.
28
Let j(k) = k**2 + 29*k + 169. What is the remainder when 207 is divided by j(-6)?
21
Let c(l) = l**2 + l - 341. Calculate the remainder when 122 is divided by c(-20).
5
Suppose -5*v + 290 = 3*l, -2*v + 3*v = -2. What is the remainder when l is divided by 15?
10
Suppose 237 = 3*v + 4*b, 4*v = 4*b - 0 + 288. Calculate the remainder when 128 is divided by v.
53
Let m = -129 - -221. Suppose m*s = 95*s - 27. Calculate the remainder when s is divided by 9.
0
Let r be (5/(-2) + 3)*(-87 - -1). Let f = r - -72. Calculate the remainder when f is divided by 6.
5
Let c(f) = -f**3 - 10*f**2 - 15*f + 1. Suppose -8 - 10 = 2*p. Calculate the remainder when c(p) is divided by 19.
17
Let n(p) = -7*p**3 + 2*p**2 - 2. Suppose 9 = -4*u + 1. Let b be n(u). Suppose b = 4*g - 14. What is the remainder when g is divided by 10?
9
Let j = 343 - 156. What is the remainder when j is divided by 32?
27
Let u(q) = -q**3 - 3*q + 4. Let g be u(-3). Let c be ((-21)/(-4))/(9/(-24)). Let j = c + g. Calculate the remainder when j is divided by 9.
8
Suppose 2*p + 5*k = -203, -5*p + 3*k = -0*k + 461. Let h = -62 - p. Calculate the remainder when h is divided by 7.
4
Let p = 57 - 32. Let n be (p/(-3))/(-5)*3. Suppose l = -n*l + 228. What is the remainder when l is divided by 13?
12
Let d = 97 + -127. Let w = 28 - d. What is the remainder when w is divided by 15?
13
Let a(k) = -k**2 + 41*k - 97. What is the remainder when a(19) is divided by 54?
51
Let i = -2424 + 2514. Calculate the remainder when i is divided by 34.
22
Let w = -26 + 42. Let z(f) = -6*f + 3. Let x be z(-7). Suppose -4*i - x = -5*i. Calculate the remainder when i is divided by w.
13
What is the remainder when 114 is divided by -1 + (-3)/7 + (-1135)/(-35)?
21
Suppose -226 = -4*q + 5*x, -q + 10*x - 9*x + 57 = 0. Calculate the remainder when q is divided by 13.
7
Let z(d) = d**3 + 5*d**2 - 8*d - 7. Let v be z(-6). Suppose 3*s - 121 = 5*f, -s - 172 = -v*s - 4*f. What is the remainder when s is divided by (-25)/2*-2 + -3?
20
What is the remainder when 333 is divided by -35*(-7)/(210/12)?
11
Suppose 33 = 15*u - 312. Let h = -5 + 5. Calculate the remainder when u is divided by 2 + (h - 1)*-11.
10
Let x = 30 + -18. Suppose 3*k = -x, -2*k = v - 4*k - 12. What is the remainder when 31 is divided by -4*6/(-8) + v?
3
Let h = -465 + 550. What is the remainder when 331 is divided by h?
76
Let v(b) = -b**3 + 7*b**2 - 6*b + 17. What is the remainder when 30/(-4)*(-240)/36 is divided by v(6)?
16
Let y be 46/3 - (-6)/9. Suppose 4*d - 244 = 4*b, y = d - 4*b - 33. What is the remainder when d is divided by 22?
21
Suppose 0 = -5*a + 4*s + 51, -s = 4*a - 5*s - 44. Let i = 69 - 44. Let b = i - 14. What is the remainder when b is divided by a?
4
Let q(a) = -64*a + 17. Let y(x) = -16*x + 4. Let d(n) = 2*q(n) - 9*y(n). What is the remainder when 52 is divided by d(1)?
10
What is the remainder when -20*6/12 - -547 is divided by 36?
33
Let t(r) = r**3 + r**2 + 4*r + 2. What is the remainder when t(3) is divided by 27?
23
Let c(f) = 2*f**2 - 5*f + 1. Let b(q) = -q**2 + 7*q + 126. What is the remainder when c(5) is divided by b(-8)?
2
Let f = 651 + -403. Calculate the remainder when f is divided by 7.
3
Let p = 85 + -70. What is the remainder when 134 is divided by p?
14
Suppose -c - 3*c + 104 = 0. Let b(g) = -9*g - 53. Let x be b(-6). Let l = c - x. What is the remainder when l is divided by 10?
5
Let k = 21 + 96. Suppose 0*r + 3*r = -q + 12, 0 = -3*q. Suppose 3*y - l - 93 = 0, -r*l = 2*y - l - 51. Calculate the remainder when k is divided by y.
27
Let o(g) = g**2 - 17*g - 16. Calculate the remainder when (2/(-4))/(15/(-60)) is divided by o(18).
0
Let y be 4*2*1/(-2). Let i = y + 13. Suppose -i = -w - 2*w, s - 13 = 4*w. What is the remainder when s is divided by 14?
11
Suppose -q + n + 62 + 70 = 0, 3*n - 420 = -3*q. Let v be q/36 - (-6)/27. Suppose v*f - 260 = 4*j, -2*j + 2 = 6. Calculate the remainder when f is divided by 22.
19
Let z = -21 + 32. Let y = 46 + -38. Calculate the remainder when z is divided by y.
3
Suppose -2*z = -5*z - 75. Let c = -2 - z. Let f = 1182 - 1169. Calculate the remainder when c is divided by f.
10
Let k = 336 + -330. What is the remainder when 184 is divided by k?
4
Let w be (-208)/(-3) - (-5)/(-3*5). Let t = -29 + w. Calculate the remainder when t is divided by 15.
10
Let z(q) = q**3 + 42*q**2 - q + 16. What